1232101?
-111111232120
In base 10, what is 346210 + 85?
346295
In base 5, what is -210140344 - -2010?
-210133334
In base 13, what is -15c + -13c9c?
-1412b
In base 4, what is -110201103013323 - 3?
-110201103013332
In base 12, what is 74 + 69702?
69776
In base 11, what is a - 2934852?
-2934843
In base 13, what is 1927 + -731?
11c6
In base 16, what is -194b + 17ed?
-15e
In base 5, what is -20034434 + 24?
-20034410
In base 12, what is 25 + 106486?
1064ab
In base 3, what is -2 - 11021110110222?
-11021110111001
In base 7, what is -20 - 2445164?
-2445214
In base 5, what is -124020 - -401143?
222123
In base 16, what is 1d9 + -5697c?
-567a3
In base 13, what is 13b475 - 30?
13b445
In base 4, what is -123230211000 + -122?
-123230211122
In base 14, what is -313 + -3ccb4?
-3d1c7
In base 16, what is c567ac7 + 4?
c567acb
In base 13, what is 20394597 - 5?
20394592
In base 8, what is 471 + 3111?
3602
In base 11, what is -a3766 - 319?
-a3a84
In base 3, what is 212011122021201 + -22?
212011122021102
In base 2, what is -1011100111111011101000 + -10?
-1011100111111011101010
In base 6, what is -44055 + 242255?
154200
In base 8, what is -34077100 - -3?
-34077075
In base 8, what is -4 + 31625261?
31625255
In base 4, what is -100 - -1332330202?
1332330102
In base 13, what is 201378 - -b?
201386
In base 13, what is 0 - 89b3559?
-89b3559
In base 6, what is 34 + -1102201005?
-1102200531
In base 5, what is 3201 + -4002034?
-3443333
In base 10, what is 52761 - -16?
52777
In base 9, what is -2 + -2352048?
-2352051
In base 14, what is 5 + 224929a?
22492a1
In base 14, what is -a5 + -134ccd?
-134d94
In base 5, what is -10123201022 + 0?
-10123201022
In base 8, what is -216555 + 1021?
-215534
In base 10, what is 6322841 - 71?
6322770
In base 9, what is -32174464 - -11?
-32174453
In base 2, what is -11000001010000 + -11111001?
-11000101001001
In base 12, what is -b8840404 + -3?
-b8840407
In base 4, what is 10 - -123011100230?
123011100300
In base 14, what is -1951d + -14d?
-1966c
In base 10, what is 92 - 85036?
-84944
In base 13, what is -16a3 - -1450bb?
143718
In base 5, what is -10 + -10321302320?
-10321302330
In base 16, what is -9354 + 209?
-914b
In base 6, what is -43 - 2535000?
-2535043
In base 13, what is -1a - 13a237c?
-13a2399
In base 10, what is 9 + -2316629?
-2316620
In base 6, what is 15 + 351203214?
351203233
In base 12, what is -6 - -45aabb0?
45aaba6
In base 9, what is -16 - -23016056?
23016040
In base 12, what is -18190 + -2947?
-1ab17
In base 15, what is -95a - 40d?
-d68
In base 15, what is 294998 + -72?
294926
In base 7, what is 2542223 - -4514?
2550040
In base 11, what is 1 + -21811a65?
-21811a64
In base 6, what is -11542 + -450155?
-502141
In base 7, what is -155320114 - -21?
-155320063
In base 8, what is -6232201657 - -4?
-6232201653
In base 16, what is -2153 + -1d7?
-232a
In base 14, what is 45170 - -1?
45171
In base 2, what is -10101100100 - -100001001101011?
11110100000111
In base 9, what is 7 + -3415302?
-3415284
In base 3, what is 121122110111112221 + -2?
121122110111112212
In base 3, what is -1020012 - 2211010?
-11001022
In base 12, what is -15a91 + -6?
-15a97
In base 9, what is -87744 - 458?
-88313
In base 2, what is -100001 - 10011011100100110?
-10011011101000111
In base 3, what is -11 + -2010102002112?
-2010102002200
In base 10, what is -379143 + 59?
-379084
In base 11, what is -11 - 169671?
-169682
In base 10, what is 0 - 344033?
-344033
In base 15, what is -8b5d + -66?
-8bc4
In base 8, what is 141 - 1407016?
-1406655
In base 7, what is -3 + -6332434?
-6332440
In base 15, what is 49b555 - -c?
49b562
In base 10, what is -4 - -188777405?
188777401
In base 5, what is 1100 - 12030144?
-12024044
In base 2, what is -10 - 100110010011000101111?
-100110010011000110001
In base 6, what is 22 - 2015232123?
-2015232101
In base 9, what is -5 - 172161343?
-172161348
In base 14, what is -2d425 + 88?
-2d37b
In base 7, what is -13150452651 - -2?
-13150452646
In base 14, what is 4d002 - 18a4?
4b53c
In base 3, what is -1 + -1200202222220211?
-1200202222220212
In base 12, what is -481 - 3336?
-37b7
In base 12, what is -22bb26 - 0?
-22bb26
In base 6, what is 153252120 - 302?
153251414
In base 15, what is 158dbb - 2a8?
158b13
In base 2, what is 1 - -110000111011101110001011?
110000111011101110001100
In base 9, what is -25603322 + 4?
-25603317
In base 6, what is 25444 + -1551310?
-1521422
In base 10, what is 4 + -3248186?
-3248182
In base 15, what is -3 - edc61c?
-edc620
In base 11, what is a680607 + 3?
a68060a
In base 16, what is -c6b5 + 1004?
-b6b1
In base 9, what is -87543783 - 1?
-87543784
In base 14, what is -c - -2706677?
2706669
In base 9, what is 71483 + -534?
70848
In base 11, what is -9a1403 + 4?
-9a13aa
In base 13, what is -59c6 - b2?
-5aa8
In base 5, what is 1314241234210 + 1?
1314241234211
In base 5, what is 23 - 13043023243?
-13043023220
In base 11, what is 10234793 + -50?
10234743
In base 11, what is -47440 - 307?
-47747
In base 11, what is 51549 - -215a?
536a8
In base 12, what is 13569 - -816?
14183
In base 6, what is -35 - -41123304?
41123225
In base 4, what is 110222 - 311133?
-200311
In base 16, what is -838 + 18efa?
186c2
In base 4, what is -3220003 + -100222?
-3320231
In base 16, what is 6474fa + -2?
6474f8
In base 4, what is 2032032120 - 10100?
2032022020
In base 8, what is -2 + 2233217672?
2233217670
In base 16, what is -1 - 22b7db1?
-22b7db2
In base 10, what is -144 + 56003?
55859
In base 14, what is -1 - 6cc482?
-6cc483
In base 12, what is 57 + -93027?
-92b90
In base 10, what is -246026871 - -2?
-246026869
In base 9, what is 3 + 5334062?
5334065
In base 9, what is -2377448 - -15?
-2377433
In base 8, what is -162 - -153123?
152741
In base 14, what is -5cc3 + 585?
-573c
In base 8, what is -6 - -67203776?
67203770
In base 9, what is -3478305 + 174?
-3478121
In base 3, what is -112010100022110 - -11?
-112010100022022
In base 7, what is 112656613 - 1?
112656612
In base 13, what is 3 + 239215?
239218
In base 10, what is -17975 - -1946?
-16029
In base 13, what is aa89a - 1c?
aa87b
In base 11, what is 300401 + 11?
300412
In base 15, what is -4 + -1c40ab?
-1c40b0
In base 11, what is -560485 - 10?
-560495
In base 8, what is -4 + 1406511403?
1406511377
In base 5, what is -20 + -3134412142?
-3134412212
In base 13, what is -4c4 + 1320?
b29
In base 9, what is -86434 - -27836?
-57487
In base 8, what is 25674753 + 1?
25674754
In base 8, what is 142 + 1056453?
1056615
In base 8, what is 327413552 - 20?
327413532
In base 4, what is 2 - 30332330103?
-30332330101
In base 3, what is -10 - -221022001112100100?
221022001112100020
In base 10, what is -159 + 48752?
48593
In base 6, what is -3135 + -1000355?
-1003534
In base 11, what is -56 + 8a3413?
8a3368
In base 4, what is -1 + 31110222002?
31110222001
In base 3, what is -12 + 120012221002?
120012220220
In base 6, what is 3042030 + -155?
3041431
In base 6, what is 30 + -42422251?
-42422221
In base 5, what is 20002234042 + -3?
20002234034
In base 4, what is 103 - -123313303320?
123313310023
In base 10, what is 3629945 + 75?
3630020
In base 7, what is 40133261 + 3?
40133264
In base 10, what is -7426 - -155?
-7271
In base 15, what is -2252345 - -3?
-2252342
In base 13, what is -1 + 332a2c?
332a2b
In base 14, what is -1247 + 7cb?
-85a
In base 4, what is -3323120 + -3211?
-3332331
In base 13, what is 10789bc + 5?
10789c4
In base 3, what is 10002 - 22222212022101?
-22222212012022
In base 8, what is -434525 + -107?
-434634
In base 16, what is 78 + -793d6?
-7935e
In base 10, what is -3979 + -29067?
-33046
In base 12, what is -4 - 1140a63?
-1140a67
In base 7, what is 566435 - -1025?
600463
In base 11, what is 195939 + -255?
195694
In base 13, what is 4747 + 311?
4a58
In base 14, what is -1c - -1227a?
1225c
In base 14, what is 7dda4 + 69d?
80663
In base 2, what is -1100000000011001 - 1111?
-1100000000101000
In base 3, what is -10002200200 + 120011011?
-2112112112
In base 8, what is -246634 - -434?
-246200
In base 6, what is 2121404 - 4?
2121400
In base 3, what is -121112012121001 - 0?
-121112012121001
In base 14, what is 33159 - -92?
3320b
In base 16, what is 16e78ff - -2?
16e7901
In base 6, what is 3 + -10440532355?
-10440532352
In base 13, what is 12c80 + -145?
12b38
In base 10, what is 47 - -264879?
264926
In base 6, what 